{"id":9,"date":"2019-11-27T16:23:14","date_gmt":"2019-11-27T15:23:14","guid":{"rendered":"http:\/\/cms.liem.ch\/Liem\/?page_id=9"},"modified":"2022-06-13T17:16:21","modified_gmt":"2022-06-13T15:16:21","slug":"ueber-uns","status":"publish","type":"page","link":"https:\/\/www.liem.ch\/liem\/index.php\/ueber-uns\/","title":{"rendered":"\u00dcber uns"},"content":{"rendered":"\n<p>Auf Pers\u00f6nlichkeit legen wir gr\u00f6ssten Wert. Daher geht es uns nicht massgeblich um den Verkauf, sondern darum, dass sich unsere Kunden wohl f\u00fchlen und eine Beziehung zum Fahrzeug wie zu uns behalten. Wird ein Fahrzeug \u00fcbergeben, so wird dies zelebriert, denn ein neues Fahrzeug ist ein Wegbegleiter und f\u00fcr Sie &#8211; wie f\u00fcr uns &#8211; nichts Allt\u00e4gliches.<\/p>\n\n\n\n<p>Wir identifizieren uns mit unserer Arbeit und widmen uns den Aufgaben mit Leidenschaft. Meist kennen wir die Fahrzeuge unserer Kunden fast besser als unsere Kunden selbst und dies spricht f\u00fcr uns. Widmen wir uns doch jedem Fahrzeug als w\u00e4re es das eigene. <\/p>\n\n\n\n<p>Auf \u00fcber 30 Jahre Erfahrung in der Automobilbranche d\u00fcrfen auch Sie vertrauen.<\/p>\n\n\n\n<p><\/p>\n\n\n\n\n\n<p class=\"has-vivid-red-color has-text-color has-large-font-size\"><\/p>\n\n\n\n<p><\/p>\n","protected":false},"excerpt":{"rendered":"<p>Auf Pers\u00f6nlichkeit legen wir gr\u00f6ssten Wert. Daher geht es uns nicht massgeblich um den Verkauf, sondern darum, dass sich unsere Kunden wohl f\u00fchlen und eine Beziehung zum Fahrzeug wie zu uns behalten. Wird ein Fahrzeug \u00fcbergeben, so wird dies zelebriert, denn ein neues Fahrzeug ist ein Wegbegleiter und f\u00fcr Sie &#8211; wie f\u00fcr uns &#8211; &hellip; <\/p>\n<p class=\"link-more\"><a href=\"https:\/\/www.liem.ch\/liem\/index.php\/ueber-uns\/\" class=\"more-link\"><span class=\"screen-reader-text\">&#171;\u00dcber uns&#187;<\/span> weiterlesen<\/a><\/p>\n","protected":false},"author":1,"featured_media":0,"parent":0,"menu_order":0,"comment_status":"closed","ping_status":"closed","template":"","meta":{"_monsterinsights_skip_tracking":false,"_monsterinsights_sitenote_active":false,"_monsterinsights_sitenote_note":"","_monsterinsights_sitenote_category":0,"footnotes":""},"class_list":["post-9","page","type-page","status-publish","hentry"],"_links":{"self":[{"href":"https:\/\/www.liem.ch\/liem\/index.php\/wp-json\/wp\/v2\/pages\/9","targetHints":{"allow":["GET"]}}],"collection":[{"href":"https:\/\/www.liem.ch\/liem\/index.php\/wp-json\/wp\/v2\/pages"}],"about":[{"href":"https:\/\/www.liem.ch\/liem\/index.php\/wp-json\/wp\/v2\/types\/page"}],"author":[{"embeddable":true,"href":"https:\/\/www.liem.ch\/liem\/index.php\/wp-json\/wp\/v2\/users\/1"}],"replies":[{"embeddable":true,"href":"https:\/\/www.liem.ch\/liem\/index.php\/wp-json\/wp\/v2\/comments?post=9"}],"version-history":[{"count":6,"href":"https:\/\/www.liem.ch\/liem\/index.php\/wp-json\/wp\/v2\/pages\/9\/revisions"}],"predecessor-version":[{"id":512,"href":"https:\/\/www.liem.ch\/liem\/index.php\/wp-json\/wp\/v2\/pages\/9\/revisions\/512"}],"wp:attachment":[{"href":"https:\/\/www.liem.ch\/liem\/index.php\/wp-json\/wp\/v2\/media?parent=9"}],"curies":[{"name":"wp","href":"https:\/\/api.w.org\/{rel}","templated":true}]}}