{"id":2,"date":"2019-11-27T15:42:33","date_gmt":"2019-11-27T14:42:33","guid":{"rendered":"http:\/\/cms.liem.ch\/Liem\/?page_id=2"},"modified":"2020-03-10T13:21:22","modified_gmt":"2020-03-10T12:21:22","slug":"beispiel-seite","status":"publish","type":"page","link":"https:\/\/www.liem.ch\/liem\/index.php\/beispiel-seite\/","title":{"rendered":"Sandsammlung"},"content":{"rendered":"\n<p>Wir m\u00f6chten uns bei unseren Freunden, Kunden und Lieferanten f\u00fcr all den wunderbaren Sand aus vielen verschiedenen L\u00e4ndern bedanken.<\/p>\n\n\n\n<p>Wir haben den Sand in Glasflaschen abgef\u00fcllt und diese mit der Herkunft des Sandes beschriftet. Viele Kunden haben einen Teil der Sande bei uns im Gesch\u00e4ft bewundert.<\/p>\n\n\n\n<p>Die meisten waren von der Idee, aber vor Allem \u00fcber die Eigendynamik die das ausgel\u00f6st hat, begeistert. In kurzer Zeit ist die Ansammlung auf \u00fcber 400 Flaschen Sand angewachsen.<\/p>\n\n\n\n<p><\/p>\n\n\n\n<p><\/p>\n\n\n\n<blockquote class=\"wp-block-quote is-layout-flow wp-block-quote-is-layout-flow\"><p><\/p><\/blockquote>\n\n\n\n<p><\/p>\n","protected":false},"excerpt":{"rendered":"<p>Wir m\u00f6chten uns bei unseren Freunden, Kunden und Lieferanten f\u00fcr all den wunderbaren Sand aus vielen verschiedenen L\u00e4ndern bedanken. Wir haben den Sand in Glasflaschen abgef\u00fcllt und diese mit der Herkunft des Sandes beschriftet. Viele Kunden haben einen Teil der Sande bei uns im Gesch\u00e4ft bewundert. Die meisten waren von der Idee, aber vor Allem &hellip; <\/p>\n<p class=\"link-more\"><a href=\"https:\/\/www.liem.ch\/liem\/index.php\/beispiel-seite\/\" class=\"more-link\"><span class=\"screen-reader-text\">&#171;Sandsammlung&#187;<\/span> weiterlesen<\/a><\/p>\n","protected":false},"author":1,"featured_media":0,"parent":0,"menu_order":0,"comment_status":"closed","ping_status":"open","template":"","meta":{"_monsterinsights_skip_tracking":false,"_monsterinsights_sitenote_active":false,"_monsterinsights_sitenote_note":"","_monsterinsights_sitenote_category":0,"footnotes":""},"class_list":["post-2","page","type-page","status-publish","hentry"],"_links":{"self":[{"href":"https:\/\/www.liem.ch\/liem\/index.php\/wp-json\/wp\/v2\/pages\/2","targetHints":{"allow":["GET"]}}],"collection":[{"href":"https:\/\/www.liem.ch\/liem\/index.php\/wp-json\/wp\/v2\/pages"}],"about":[{"href":"https:\/\/www.liem.ch\/liem\/index.php\/wp-json\/wp\/v2\/types\/page"}],"author":[{"embeddable":true,"href":"https:\/\/www.liem.ch\/liem\/index.php\/wp-json\/wp\/v2\/users\/1"}],"replies":[{"embeddable":true,"href":"https:\/\/www.liem.ch\/liem\/index.php\/wp-json\/wp\/v2\/comments?post=2"}],"version-history":[{"count":3,"href":"https:\/\/www.liem.ch\/liem\/index.php\/wp-json\/wp\/v2\/pages\/2\/revisions"}],"predecessor-version":[{"id":116,"href":"https:\/\/www.liem.ch\/liem\/index.php\/wp-json\/wp\/v2\/pages\/2\/revisions\/116"}],"wp:attachment":[{"href":"https:\/\/www.liem.ch\/liem\/index.php\/wp-json\/wp\/v2\/media?parent=2"}],"curies":[{"name":"wp","href":"https:\/\/api.w.org\/{rel}","templated":true}]}}